)?
4
Let k(o) be the first derivative of 5*o**3/3 - o**2/2 + o - 9. Let n be k(1). Let j(g) = -g + 4. Give j(n).
-1
Suppose 3*z + 9*f - 12*f - 24 = 0, 5*z - 42 = 3*f. Let o(c) = -c + 5. What is o(z)?
-4
Suppose 8*y - 3*y = 15. Let n(f) = 2*f**2 - 3*f - 8. Let x(i) = -i**2 + i + 4. Let a(d) = y*n(d) + 5*x(d). Calculate a(5).
1
Let z(v) = v**3 - 5*v**2 - 2*v. Let t(u) = 8*u**2 - 2*u - 4. Let f(k) = -t(k) - z(k). Let g = 7 + -10. Calculate f(g).
-8
Let r(v) = 9*v**3 + 4*v**2 - 14*v - 16. Let n(b) = -11*b**3 - 3*b**2 + 15*b + 17. Let l(d) = -4*n(d) - 5*r(d). What is l(-9)?
3
Let r(n) be the third derivative of -13*n**5/20 - n**4/12 + n**3/6 - 2*n**2 - 21. What is r(1)?
-40
Let m be 1/((-1)/12*-3). Let r(q) = 50*q + 3*q**2 - 112 + 107 - 45*q - q**3. Calculate r(m).
-1
Let b(i) be the second derivative of i**3 + 5*i**2 + 80*i. Determine b(-4).
-14
Suppose 0 = -6*f - 2200 + 2182. Let r(j) = -2*j**3 - 4*j**2 + 3. Calculate r(f).
21
Suppose t + 2 = -0. Let l(w) be the first derivative of -4*w**3/3 - w**2 + w + 677. Calculate l(t).
-11
Let m(i) = 3*i**2 - 25*i + 10. Let v be m(8). Let x(q) = -2*q**3 + 2*q**2 - 4*q + 4. What is x(v)?
-12
Let q(z) be the third derivative of 0 + 1/2*z**3 + 0*z - 1/60*z**5 - 17*z**2 - 1/6*z**4. What is q(-5)?
-2
Let t(m) = -m**3 - m**2 - m - 5. Let i(u) = u**3 - u**2 - u. Let c(y) = -4*y**3 + 10*y**2 + 3*y + 24. Let w(n) = c(n) + 5*i(n). Let f be w(-6). Determine t(f).
-5
Suppose 0 = -3*y - h - 2*h, 5*h + 36 = 4*y. Suppose 0 = -y*o + o - 6. Let t(f) = -19*f + 5 - 3 + 10*f + 13*f. Give t(o).
-6
Suppose -14*n + 2*n - 48 = 0. Let u be 0 - -3 - 13 - n*1. Let r(f) = f. Determine r(u).
-6
Let y be (17 + 4)*(-2)/(-6). Let u(w) = w**2 - 6*w + 8. What is u(y)?
15
Suppose -3*t = 23*t + 182. Let f(j) = j**2 + 11*j + 21. Determine f(t).
-7
Let a(p) = -3*p**2 - 3*p + 1. Let c(m) = 7*m**2 + 7*m - 2. Let x(h) = 9*a(h) + 4*c(h). Let t(u) = -3*u**2 - 2*u - 1. Let j(s) = -t(s) - 4*x(s). What is j(-3)?
-6
Let g(x) = x**2 - 3*x - 3. Let n = 546 + -542. What is g(n)?
1
Let w(c) = -c**3 + 8*c**2 - 10*c + 5. Let i(d) = 4*d**2 + 29*d + 14. Let b be i(-7). Determine w(b).
-16
Let a(b) = -5*b - 1. Let k(t) = 6*t + 2. Let f(p) = -7*a(p) - 6*k(p). Determine f(5).
-10
Let l(x) = 1 - 6 + 3 + 0*x - x. Let n(s) = 8*s + 13. Let z be n(-2). Calculate l(z).
1
Let v(c) be the second derivative of -c**3/6 + 9*c**2/2 - 70*c. Give v(9).
0
Let y(h) = h**2 + 6*h + 12. Let b(v) = -5*v**2 - 29*v - 63. Let t(i) = -2*b(i) - 11*y(i). What is t(-6)?
6
Let q(g) be the second derivative of 0 - 3/2*g**2 - 7/6*g**3 - 20*g - 1/20*g**5 - 7/12*g**4. Give q(-5).
-18
Let x(n) = 2*n**2 - 4*n - 6. Suppose -4*s + 5*a = -41, -2*s - a = 2*s - 11. Calculate x(s).
10
Let b(a) = a**3 - 10*a**2 - a + 90. Let k be b(9). Let t(v) = v**2 + v - 11. What is t(k)?
-11
Let m(l) = -7*l + 1. Let u(q) = -q**3 + 21*q**2 + 44*q + 49. Let t be u(23). Give m(t).
-20
Suppose 0 = 4*q + 9 - 21. Let v = q - 21. Let k = 17 + v. Let h(g) = 10*g**2 + 1. Give h(k).
11
Let n(y) = 7 - 3*y + 2*y - y. Suppose -2*v + 4*o = 7 - 1, -5*v + 9 = -4*o. Give n(v).
-3
Let o(i) = -2*i + 44. Let j(w) = 2*w - 43. Let h(t) = 7*j(t) + 6*o(t). Give h(18).
-1
Let c = 82 - 80. Let g(h) = h**2 - 2*h - 3. Let d be g(3). Let f(j) = 1 - 3*j**2 + 2*j**3 + 0*j**3 + d*j**2. What is f(c)?
5
Let w(v) be the second derivative of -v**6/120 + v**4/24 + v**3/6 - 8*v**2 - 13*v. Let i(y) be the first derivative of w(y). Give i(2).
-5
Let m(t) = -2*t - 1. Let k(s) = 3*s + 1. Let d(o) = -3*k(o) - 5*m(o). Let f be 6/4*(-4)/3. Give d(f).
0
Let y(f) = -f**2 - f + 1. Let o(a) = -3*a**2 - 5*a + 3. Let g(x) = o(x) - 4*y(x). Let u(n) = -4*n - 22. Let l be u(-5). Determine g(l).
5
Let v be ((-6)/5)/((-18)/30). Let x(s) = -7*s + 9*s**2 - 1 + 7*s + s**v. Calculate x(1).
9
Suppose c - 8*n - 7 = -6*n, 2*n = -2*c - 16. Let t(m) = m**2 + 1. What is t(c)?
10
Let i = 644 - 644. Let q(p) be the third derivative of -1/120*p**6 - 1/15*p**5 - 1/3*p**3 + i*p - 2*p**2 - 5/24*p**4 + 0. Give q(-3).
4
Let m(x) = x**2 + x + 6 - 6*x + 0*x**2. Let y(s) = -s**3 + 4*s**2 + 13*s - 2. Let i be (-4 - -1 - 1) + 10. Let l be y(i). Give m(l).
2
Let x(b) = b**2 + 6*b - 6. Let f(l) = 24*l + 472. Let z be f(-20). Calculate x(z).
10
Let a(t) = -t**3 + t**2 + 3*t - 2. Let h(p) = p**2 + p. Let o be h(-2). Let d = 4 - 0. Let j be 11/d - o/(-8). What is a(j)?
-11
Let s(l) = -l + 1. Suppose 4*x = 16 - 4. Suppose -x*r = 10*r + 117. Calculate s(r).
10
Let p(r) = -2 + 6 + 2*r - 1. Let c be ((-6)/4)/((2860/88)/65). Determine p(c).
-3
Let x(j) = -j**2 - 6*j + 10. Let t be x(-8). Let n be 20/6 - 5/15. Let r(f) = f**3 - 7*f**3 - 9 - 7*f**2 + 5*f**n - 8*f. Determine r(t).
3
Let c(l) = -6 - 6*l + 2*l + 3*l. Let j be c(-6). Let o(x) be the third derivative of x**4/24 + 5*x**3/3 + 14*x**2. What is o(j)?
10
Let j(a) = -3*a**2 - 14*a - 6. Let f be j(-4). Let h(m) = 5*m + 2. Calculate h(f).
12
Let q(a) = -1. Let m be 6/(-4)*4/(-6). Let v(l) = l**3 - 8*l**2 + 6*l - 1. Let h(y) = m*v(y) - 6*q(y). What is h(7)?
-2
Let i = -1677 + 1673. Let s(b) = -b**3 - 5*b**2 - 7*b - 5. Calculate s(i).
7
Suppose -p = -0*p. Let z(o) = -6*o + p + 0*o**2 + o**2 + 1. Suppose -5*c = -2*v - 40, -3 + 2 = -c - v. What is z(c)?
1
Let f(n) = -n**2 + n - 1. Let l(u) = -3*u**2 + 10*u - 8. Let p(s) = -2*f(s) + l(s). Let i = -177 - -180. Suppose -i = -t + q, 9*t - 2*q - 12 = 6*t. Give p(t).
6
Let l = -7 - -8. Suppose 3 - l = k. Let q(a) be the third derivative of a**6/120 - a**5/30 - a**4/12 + a**3/6 + 6*a**2. Calculate q(k).
-3
Suppose -6*r - r = -28. Let l(f) = -f**2 + 1 + 3 + 1 + r*f - 7. Calculate l(5).
-7
Let q(u) = u. Let b(l) = l**2 - 10*l - 3. Let v(i) = b(i) + 3*q(i). Let r be (-7)/(-1 + (-5)/(-30)*0). Give v(r).
-3
Let q(f) be the second derivative of f**4/12 - 23*f**3/6 + 16*f**2 + 747*f. Determine q(21).
-10
Suppose 0 = 3*h - 17*a + 13*a - 20, -2*h + 6 = a. Let o(p) = p + 8. Determine o(h).
12
Let r be (0 + 1)*0*2/(-20). Let b(y) = 2*y**2 - 7. Let c(f) = f**3 + f**2 - f + 1. Let z(j) = -b(j) + c(j). Calculate z(r).
8
Let m(s) = -15*s**2 + 5*s - 4. Let n(l) = -3*l**2 - 30*l + 5. Let r be n(-10). Let a(g) = -31*g**2 + 9*g - 7. Let k(u) = r*m(u) - 3*a(u). Give k(1).
17
Let j(n) be the third derivative of n**5/15 + 5*n**4/24 + n**3/2 + 141*n**2. Calculate j(-2).
9
Let f(h) = -2*h**2 - h + 1. Let p(w) = -w**3 + w**2 - 6*w - 9. Let i(g) = 6*f(g) + p(g). Determine i(-10).
17
Let z(b) = -11*b**2. Let w(q) = -54*q**3 + 2*q**2 - 1. Let n be w(-1). Suppose -n = -4*s - 11. Suppose -6*g - 4 = -2*l - 7*g, 3*l = -4*g + s. Give z(l).
-11
Let q(f) = -f + 233*f**2 - 117*f**2 - 1 - 118*f**2. Let l be 2/6 - (-4)/(-3). What is q(l)?
-2
Let s(b) = 5*b + 40. Let d(v) = -3*v - 20. Let m(h) = 9*d(h) + 4*s(h). Let y(t) = -3*t - 10. Let c(i) = -2*m(i) + 5*y(i). Give c(-7).
-3
Let k(g) = 6*g + 16. Let i be (-16)/(-40) + 12/(-5). Give k(i).
4
Let w(o) be the third derivative of -o**6/720 + o**5/30 - 3*o**4/8 + 41*o**2. Let j(y) be the second derivative of w(y). Determine j(5).
-1
Let q be (4 - -1) + (0 - -2). Let h(c) be the second derivative of -c**5/20 + c**4/2 + 7*c**3/6 + 2*c**2 - 25*c + 1. Calculate h(q).
4
Let f(u) = -u**2 + 4*u + 1. Let w = -32 + 29. Let j be 0*3/6 + w. Calculate f(j).
-20
Let a be -5*(-1 - (-14)/10). Let c(l) be the second derivative of -3*l**5/20 - l**4/12 + l**3/6 - l**2 - 1672*l. What is c(a)?
16
Suppose -26*f = -8*f - 72. Suppose -f*y - 15 + 3 = 0. Let a(i) = -i + 1. What is a(y)?
4
Let o be (4 + 18/(-4))*8 + 586. Let l(h) = -2 + 1 + 12*h**3 - o*h + 584*h - h**2. Determine l(1).
12
Let f(s) be the first derivative of s**2 - s - 197. Calculate f(-4).
-9
Let u(z) = z**2 - 11*z + 4. Let k = -17 + -5. Let h be (k/4)/(6/(-12)). Determine u(h).
4
Let h(d) = -20*d - 6. Suppose -42 = 5*c - 27. Determine h(c).
54
Suppose 4*l - 3*w + 16 = 0, 4 + 12 = -4*l - 3*w. Let m be (l/(-16))/(2/16). Let h(b) = -2*b**3 + b**2 + 3*b - 2. Calculate h(m).
-8
Suppose -3*y - 3 - 6 = 0. Let h be -18*2/y*-1. Let c = h + 10. Let d(r) = 4*r**2 + 3*r. Give d(c).
10
Let s = -1 - -4. Let w(b) = 3*b**3 + 5*b**s - 2 - 10*b**3 - 2*b + 3*b**2 + b**3. Give w(3).
-8
Let x(f) be the third derivative of -f**4/12 + f**3/6 + 6*f**2. Let p be 2/1 + (0 - 3). Let g = 3 - p. What is x(g)?
-7
Let l(n) = -20*n**3 + n**2 - 9*n - 3. Let c(d) = -53*d**3 + 2*d**2 - 25*d -